{"id":28349,"date":"2025-03-05T09:56:24","date_gmt":"2025-03-05T08:56:24","guid":{"rendered":"https:\/\/www.pro4green.be\/?post_type=tribe_events&#038;p=28349"},"modified":"2025-03-05T09:56:24","modified_gmt":"2025-03-05T08:56:24","slug":"14eme-edition-du-concours-du-meilleur-jeune-jardinier","status":"publish","type":"tribe_events","link":"https:\/\/www.pro4green.be\/fr\/event\/14eme-edition-du-concours-du-meilleur-jeune-jardinier\/","title":{"rendered":"14\u00e8me \u00e9dition du Concours du Meilleur Jeune Jardinier"},"content":{"rendered":"<p><strong>Le <em>concours<\/em> se d\u00e9roulera les 10 et 11 avril et 17 \u00e9quipes participeront \u00e0 cette \u00e9dition.<\/strong><\/p>\n<p><strong>La<em> remise de prix<\/em> aura lieu le 12 avril \u00e0 13h<\/strong><\/p>\n<p><strong><em>Journ\u00e9e professionnelle<\/em> le 11 avril dans le cadre de l&#8217;\u00e9v\u00e9nement <em>\u00ab Tous au Jardin \u00bb<\/em><\/strong><\/p>\n<p><strong>Venez nombreux soutenir les jeunes pour cette exp\u00e9rience unique et nous rejoindre.<\/p>\n<p><img fetchpriority=\"high\" decoding=\"async\" class=\"size-medium wp-image-28342 aligncenter\" src=\"https:\/\/www.pro4green.be\/wp-content\/uploads\/2025\/03\/banner-1-concours-2025-300x297.avif\" alt=\"\" width=\"300\" height=\"297\" srcset=\"https:\/\/www.pro4green.be\/wp-content\/uploads\/2025\/03\/banner-1-concours-2025-300x297.avif 300w, https:\/\/www.pro4green.be\/wp-content\/uploads\/2025\/03\/banner-1-concours-2025-150x150.avif 150w, https:\/\/www.pro4green.be\/wp-content\/uploads\/2025\/03\/banner-1-concours-2025-370x366.avif 370w, https:\/\/www.pro4green.be\/wp-content\/uploads\/2025\/03\/banner-1-concours-2025-120x120.avif 120w, https:\/\/www.pro4green.be\/wp-content\/uploads\/2025\/03\/banner-1-concours-2025-410x406.avif 410w, https:\/\/www.pro4green.be\/wp-content\/uploads\/2025\/03\/banner-1-concours-2025-png.avif 634w\" sizes=\"(max-width: 300px) 100vw, 300px\" \/><\/strong><\/p>\n<div id=\"ConnectiveDocSignExtentionInstalled\" data-extension-version=\"1.0.4\"><\/div>\n","protected":false},"excerpt":{"rendered":"<p>Le concours se d\u00e9roulera les 10 et 11 avril et 17 \u00e9quipes participeront \u00e0 cette \u00e9dition. La remise de prix aura lieu le 12 avril \u00e0 13h Journ\u00e9e professionnelle le&hellip;<\/p>\n","protected":false},"author":27,"featured_media":0,"comment_status":"open","ping_status":"closed","template":"","meta":{"_acf_changed":false,"inline_featured_image":false,"_tribe_events_status":"","_tribe_events_status_reason":"","_tribe_events_is_hybrid":"","_tribe_events_is_virtual":"","_tribe_events_virtual_video_source":"","_tribe_events_virtual_embed_video":"","_tribe_events_virtual_linked_button_text":"","_tribe_events_virtual_linked_button":"","_tribe_events_virtual_show_embed_at":"","_tribe_events_virtual_show_embed_to":[],"_tribe_events_virtual_show_on_event":"","_tribe_events_virtual_show_on_views":"","_tribe_events_virtual_url":"","footnotes":""},"tags":[],"association":[],"tribe_events_cat":[],"class_list":["post-28349","tribe_events","type-tribe_events","status-publish","hentry"],"acf":[],"yoast_head":"<!-- This site is optimized with the Yoast SEO plugin v27.1.1 - https:\/\/yoast.com\/product\/yoast-seo-wordpress\/ -->\n<title>14\u00e8me \u00e9dition du Concours du Meilleur Jeune Jardinier - Pro4Green<\/title>\n<meta name=\"robots\" content=\"index, follow, max-snippet:-1, max-image-preview:large, max-video-preview:-1\" \/>\n<link rel=\"canonical\" href=\"https:\/\/www.pro4green.be\/fr\/event\/14eme-edition-du-concours-du-meilleur-jeune-jardinier\/\" \/>\n<meta property=\"og:locale\" content=\"fr_FR\" \/>\n<meta property=\"og:type\" content=\"article\" \/>\n<meta property=\"og:title\" content=\"14\u00e8me \u00e9dition du Concours du Meilleur Jeune Jardinier - Pro4Green\" \/>\n<meta property=\"og:description\" content=\"Le concours se d\u00e9roulera les 10 et 11 avril et 17 \u00e9quipes participeront \u00e0 cette \u00e9dition. La remise de prix aura lieu le 12 avril \u00e0 13h Journ\u00e9e professionnelle le&hellip;\" \/>\n<meta property=\"og:url\" content=\"https:\/\/www.pro4green.be\/fr\/event\/14eme-edition-du-concours-du-meilleur-jeune-jardinier\/\" \/>\n<meta property=\"og:site_name\" content=\"Pro4Green\" \/>\n<meta property=\"og:image\" content=\"https:\/\/www.pro4green.be\/wp-content\/uploads\/2025\/03\/banner-1-concours-2025-png.avif\" \/>\n\t<meta property=\"og:image:width\" content=\"634\" \/>\n\t<meta property=\"og:image:height\" content=\"628\" \/>\n\t<meta property=\"og:image:type\" content=\"image\/png\" \/>\n<meta name=\"twitter:card\" content=\"summary_large_image\" \/>\n<script type=\"application\/ld+json\" class=\"yoast-schema-graph\">{\"@context\":\"https:\/\/schema.org\",\"@graph\":[{\"@type\":\"WebPage\",\"@id\":\"https:\/\/www.pro4green.be\/fr\/event\/14eme-edition-du-concours-du-meilleur-jeune-jardinier\/\",\"url\":\"https:\/\/www.pro4green.be\/fr\/event\/14eme-edition-du-concours-du-meilleur-jeune-jardinier\/\",\"name\":\"14\u00e8me \u00e9dition du Concours du Meilleur Jeune Jardinier - Pro4Green\",\"isPartOf\":{\"@id\":\"https:\/\/www.pro4green.be\/fr\/#website\"},\"primaryImageOfPage\":{\"@id\":\"https:\/\/www.pro4green.be\/fr\/event\/14eme-edition-du-concours-du-meilleur-jeune-jardinier\/#primaryimage\"},\"image\":{\"@id\":\"https:\/\/www.pro4green.be\/fr\/event\/14eme-edition-du-concours-du-meilleur-jeune-jardinier\/#primaryimage\"},\"thumbnailUrl\":\"https:\/\/www.pro4green.be\/wp-content\/uploads\/2025\/03\/banner-1-concours-2025-300x297.avif\",\"datePublished\":\"2025-03-05T08:56:24+00:00\",\"breadcrumb\":{\"@id\":\"https:\/\/www.pro4green.be\/fr\/event\/14eme-edition-du-concours-du-meilleur-jeune-jardinier\/#breadcrumb\"},\"inLanguage\":\"fr-FR\",\"potentialAction\":[{\"@type\":\"ReadAction\",\"target\":[\"https:\/\/www.pro4green.be\/fr\/event\/14eme-edition-du-concours-du-meilleur-jeune-jardinier\/\"]}]},{\"@type\":\"ImageObject\",\"inLanguage\":\"fr-FR\",\"@id\":\"https:\/\/www.pro4green.be\/fr\/event\/14eme-edition-du-concours-du-meilleur-jeune-jardinier\/#primaryimage\",\"url\":\"https:\/\/www.pro4green.be\/wp-content\/uploads\/2025\/03\/banner-1-concours-2025-300x297.avif\",\"contentUrl\":\"https:\/\/www.pro4green.be\/wp-content\/uploads\/2025\/03\/banner-1-concours-2025-300x297.avif\"},{\"@type\":\"BreadcrumbList\",\"@id\":\"https:\/\/www.pro4green.be\/fr\/event\/14eme-edition-du-concours-du-meilleur-jeune-jardinier\/#breadcrumb\",\"itemListElement\":[{\"@type\":\"ListItem\",\"position\":1,\"name\":\"Home\",\"item\":\"https:\/\/www.pro4green.be\/fr\/\"},{\"@type\":\"ListItem\",\"position\":2,\"name\":\"\u00c9v\u00e8nements\",\"item\":\"https:\/\/www.pro4green.be\/fr\/events\/\"},{\"@type\":\"ListItem\",\"position\":3,\"name\":\"14\u00e8me \u00e9dition du Concours du Meilleur Jeune Jardinier\"}]},{\"@type\":\"WebSite\",\"@id\":\"https:\/\/www.pro4green.be\/fr\/#website\",\"url\":\"https:\/\/www.pro4green.be\/fr\/\",\"name\":\"Pro4Green\",\"description\":\"Waar professionaliteit en kwaliteit elkaar vinden\",\"publisher\":{\"@id\":\"https:\/\/www.pro4green.be\/fr\/#organization\"},\"potentialAction\":[{\"@type\":\"SearchAction\",\"target\":{\"@type\":\"EntryPoint\",\"urlTemplate\":\"https:\/\/www.pro4green.be\/fr\/?s={search_term_string}\"},\"query-input\":{\"@type\":\"PropertyValueSpecification\",\"valueRequired\":true,\"valueName\":\"search_term_string\"}}],\"inLanguage\":\"fr-FR\"},{\"@type\":\"Organization\",\"@id\":\"https:\/\/www.pro4green.be\/fr\/#organization\",\"name\":\"Pro4Green\",\"url\":\"https:\/\/www.pro4green.be\/fr\/\",\"logo\":{\"@type\":\"ImageObject\",\"inLanguage\":\"fr-FR\",\"@id\":\"https:\/\/www.pro4green.be\/fr\/#\/schema\/logo\/image\/\",\"url\":\"https:\/\/www.pro4green.be\/wp-content\/uploads\/2024\/07\/PRO4GREEN-logo-pos.svg\",\"contentUrl\":\"https:\/\/www.pro4green.be\/wp-content\/uploads\/2024\/07\/PRO4GREEN-logo-pos.svg\",\"width\":500,\"height\":225,\"caption\":\"Pro4Green\"},\"image\":{\"@id\":\"https:\/\/www.pro4green.be\/fr\/#\/schema\/logo\/image\/\"}}]}<\/script>\n<!-- \/ Yoast SEO plugin. -->","yoast_head_json":{"title":"14\u00e8me \u00e9dition du Concours du Meilleur Jeune Jardinier - Pro4Green","robots":{"index":"index","follow":"follow","max-snippet":"max-snippet:-1","max-image-preview":"max-image-preview:large","max-video-preview":"max-video-preview:-1"},"canonical":"https:\/\/www.pro4green.be\/fr\/event\/14eme-edition-du-concours-du-meilleur-jeune-jardinier\/","og_locale":"fr_FR","og_type":"article","og_title":"14\u00e8me \u00e9dition du Concours du Meilleur Jeune Jardinier - Pro4Green","og_description":"Le concours se d\u00e9roulera les 10 et 11 avril et 17 \u00e9quipes participeront \u00e0 cette \u00e9dition. La remise de prix aura lieu le 12 avril \u00e0 13h Journ\u00e9e professionnelle le&hellip;","og_url":"https:\/\/www.pro4green.be\/fr\/event\/14eme-edition-du-concours-du-meilleur-jeune-jardinier\/","og_site_name":"Pro4Green","og_image":[{"width":634,"height":628,"url":"https:\/\/www.pro4green.be\/wp-content\/uploads\/2025\/03\/banner-1-concours-2025-png.avif","type":"image\/png"}],"twitter_card":"summary_large_image","schema":{"@context":"https:\/\/schema.org","@graph":[{"@type":"WebPage","@id":"https:\/\/www.pro4green.be\/fr\/event\/14eme-edition-du-concours-du-meilleur-jeune-jardinier\/","url":"https:\/\/www.pro4green.be\/fr\/event\/14eme-edition-du-concours-du-meilleur-jeune-jardinier\/","name":"14\u00e8me \u00e9dition du Concours du Meilleur Jeune Jardinier - Pro4Green","isPartOf":{"@id":"https:\/\/www.pro4green.be\/fr\/#website"},"primaryImageOfPage":{"@id":"https:\/\/www.pro4green.be\/fr\/event\/14eme-edition-du-concours-du-meilleur-jeune-jardinier\/#primaryimage"},"image":{"@id":"https:\/\/www.pro4green.be\/fr\/event\/14eme-edition-du-concours-du-meilleur-jeune-jardinier\/#primaryimage"},"thumbnailUrl":"https:\/\/www.pro4green.be\/wp-content\/uploads\/2025\/03\/banner-1-concours-2025-300x297.avif","datePublished":"2025-03-05T08:56:24+00:00","breadcrumb":{"@id":"https:\/\/www.pro4green.be\/fr\/event\/14eme-edition-du-concours-du-meilleur-jeune-jardinier\/#breadcrumb"},"inLanguage":"fr-FR","potentialAction":[{"@type":"ReadAction","target":["https:\/\/www.pro4green.be\/fr\/event\/14eme-edition-du-concours-du-meilleur-jeune-jardinier\/"]}]},{"@type":"ImageObject","inLanguage":"fr-FR","@id":"https:\/\/www.pro4green.be\/fr\/event\/14eme-edition-du-concours-du-meilleur-jeune-jardinier\/#primaryimage","url":"https:\/\/www.pro4green.be\/wp-content\/uploads\/2025\/03\/banner-1-concours-2025-300x297.avif","contentUrl":"https:\/\/www.pro4green.be\/wp-content\/uploads\/2025\/03\/banner-1-concours-2025-300x297.avif"},{"@type":"BreadcrumbList","@id":"https:\/\/www.pro4green.be\/fr\/event\/14eme-edition-du-concours-du-meilleur-jeune-jardinier\/#breadcrumb","itemListElement":[{"@type":"ListItem","position":1,"name":"Home","item":"https:\/\/www.pro4green.be\/fr\/"},{"@type":"ListItem","position":2,"name":"\u00c9v\u00e8nements","item":"https:\/\/www.pro4green.be\/fr\/events\/"},{"@type":"ListItem","position":3,"name":"14\u00e8me \u00e9dition du Concours du Meilleur Jeune Jardinier"}]},{"@type":"WebSite","@id":"https:\/\/www.pro4green.be\/fr\/#website","url":"https:\/\/www.pro4green.be\/fr\/","name":"Pro4Green","description":"Waar professionaliteit en kwaliteit elkaar vinden","publisher":{"@id":"https:\/\/www.pro4green.be\/fr\/#organization"},"potentialAction":[{"@type":"SearchAction","target":{"@type":"EntryPoint","urlTemplate":"https:\/\/www.pro4green.be\/fr\/?s={search_term_string}"},"query-input":{"@type":"PropertyValueSpecification","valueRequired":true,"valueName":"search_term_string"}}],"inLanguage":"fr-FR"},{"@type":"Organization","@id":"https:\/\/www.pro4green.be\/fr\/#organization","name":"Pro4Green","url":"https:\/\/www.pro4green.be\/fr\/","logo":{"@type":"ImageObject","inLanguage":"fr-FR","@id":"https:\/\/www.pro4green.be\/fr\/#\/schema\/logo\/image\/","url":"https:\/\/www.pro4green.be\/wp-content\/uploads\/2024\/07\/PRO4GREEN-logo-pos.svg","contentUrl":"https:\/\/www.pro4green.be\/wp-content\/uploads\/2024\/07\/PRO4GREEN-logo-pos.svg","width":500,"height":225,"caption":"Pro4Green"},"image":{"@id":"https:\/\/www.pro4green.be\/fr\/#\/schema\/logo\/image\/"}}]}},"_links":{"self":[{"href":"https:\/\/www.pro4green.be\/fr\/wp-json\/wp\/v2\/tribe_events\/28349","targetHints":{"allow":["GET"]}}],"collection":[{"href":"https:\/\/www.pro4green.be\/fr\/wp-json\/wp\/v2\/tribe_events"}],"about":[{"href":"https:\/\/www.pro4green.be\/fr\/wp-json\/wp\/v2\/types\/tribe_events"}],"author":[{"embeddable":true,"href":"https:\/\/www.pro4green.be\/fr\/wp-json\/wp\/v2\/users\/27"}],"replies":[{"embeddable":true,"href":"https:\/\/www.pro4green.be\/fr\/wp-json\/wp\/v2\/comments?post=28349"}],"version-history":[{"count":1,"href":"https:\/\/www.pro4green.be\/fr\/wp-json\/wp\/v2\/tribe_events\/28349\/revisions"}],"predecessor-version":[{"id":28352,"href":"https:\/\/www.pro4green.be\/fr\/wp-json\/wp\/v2\/tribe_events\/28349\/revisions\/28352"}],"wp:attachment":[{"href":"https:\/\/www.pro4green.be\/fr\/wp-json\/wp\/v2\/media?parent=28349"}],"wp:term":[{"taxonomy":"post_tag","embeddable":true,"href":"https:\/\/www.pro4green.be\/fr\/wp-json\/wp\/v2\/tags?post=28349"},{"taxonomy":"association","embeddable":true,"href":"https:\/\/www.pro4green.be\/fr\/wp-json\/wp\/v2\/association?post=28349"},{"taxonomy":"tribe_events_cat","embeddable":true,"href":"https:\/\/www.pro4green.be\/fr\/wp-json\/wp\/v2\/tribe_events_cat?post=28349"}],"curies":[{"name":"wp","href":"https:\/\/api.w.org\/{rel}","templated":true}]}}

14ème édition du Concours du Meilleur Jeune Jardinier

<p><strong>Le <em>concours</em> se déroulera les 10 et 11 avril et 17 équipes participeront à cette édition.</strong></p>
<p><strong>La<em> remise de prix</em> aura lieu le 12 avril à 13h</strong></p>
<p><strong><em>Journée professionnelle</em> le 11 avril dans le cadre de l&#8217;événement <em>« Tous au Jardin »</em></strong></p>
<p><strong>Venez nombreux soutenir les jeunes pour cette expérience unique et nous rejoindre.</p>
<p><img fetchpriority="high" decoding="async" class="size-medium wp-image-28342 aligncenter" src="https://www.pro4green.be/wp-content/uploads/2025/03/banner-1-concours-2025-300x297.avif" alt="" width="300" height="297" srcset="https://www.pro4green.be/wp-content/uploads/2025/03/banner-1-concours-2025-300x297.avif 300w, https://www.pro4green.be/wp-content/uploads/2025/03/banner-1-concours-2025-150x150.avif 150w, https://www.pro4green.be/wp-content/uploads/2025/03/banner-1-concours-2025-370x366.avif 370w, https://www.pro4green.be/wp-content/uploads/2025/03/banner-1-concours-2025-120x120.avif 120w, https://www.pro4green.be/wp-content/uploads/2025/03/banner-1-concours-2025-410x406.avif 410w, https://www.pro4green.be/wp-content/uploads/2025/03/banner-1-concours-2025-png.avif 634w" sizes="(max-width: 300px) 100vw, 300px" /></strong></p>
<div id="ConnectiveDocSignExtentionInstalled" data-extension-version="1.0.4"></div>

<p>Le concours se déroulera les 10 et 11 avril et 17 équipes participeront à cette édition. La remise de prix aura lieu le 12 avril à 13h Journée professionnelle le&hellip;</p>

<!-- This site is optimized with the Yoast SEO plugin v27.1.1 - https://yoast.com/product/yoast-seo-wordpress/ -->
<title>14ème édition du Concours du Meilleur Jeune Jardinier - Pro4Green</title>
<meta name="robots" content="index, follow, max-snippet:-1, max-image-preview:large, max-video-preview:-1" />
<link rel="canonical" href="https://www.pro4green.be/fr/event/14eme-edition-du-concours-du-meilleur-jeune-jardinier/" />
<meta property="og:locale" content="fr_FR" />
<meta property="og:type" content="article" />
<meta property="og:title" content="14ème édition du Concours du Meilleur Jeune Jardinier - Pro4Green" />
<meta property="og:description" content="Le concours se déroulera les 10 et 11 avril et 17 équipes participeront à cette édition. La remise de prix aura lieu le 12 avril à 13h Journée professionnelle le&hellip;" />
<meta property="og:url" content="https://www.pro4green.be/fr/event/14eme-edition-du-concours-du-meilleur-jeune-jardinier/" />
<meta property="og:site_name" content="Pro4Green" />
<meta property="og:image" content="https://www.pro4green.be/wp-content/uploads/2025/03/banner-1-concours-2025-png.avif" />
	<meta property="og:image:width" content="634" />
	<meta property="og:image:height" content="628" />
	<meta property="og:image:type" content="image/png" />
<meta name="twitter:card" content="summary_large_image" />
<script type="application/ld+json" class="yoast-schema-graph">{"@context":"https://schema.org","@graph":[{"@type":"WebPage","@id":"https://www.pro4green.be/fr/event/14eme-edition-du-concours-du-meilleur-jeune-jardinier/","url":"https://www.pro4green.be/fr/event/14eme-edition-du-concours-du-meilleur-jeune-jardinier/","name":"14ème édition du Concours du Meilleur Jeune Jardinier - Pro4Green","isPartOf":{"@id":"https://www.pro4green.be/fr/#website"},"primaryImageOfPage":{"@id":"https://www.pro4green.be/fr/event/14eme-edition-du-concours-du-meilleur-jeune-jardinier/#primaryimage"},"image":{"@id":"https://www.pro4green.be/fr/event/14eme-edition-du-concours-du-meilleur-jeune-jardinier/#primaryimage"},"thumbnailUrl":"https://www.pro4green.be/wp-content/uploads/2025/03/banner-1-concours-2025-300x297.avif","datePublished":"2025-03-05T08:56:24+00:00","breadcrumb":{"@id":"https://www.pro4green.be/fr/event/14eme-edition-du-concours-du-meilleur-jeune-jardinier/#breadcrumb"},"inLanguage":"fr-FR","potentialAction":[{"@type":"ReadAction","target":["https://www.pro4green.be/fr/event/14eme-edition-du-concours-du-meilleur-jeune-jardinier/"]}]},{"@type":"ImageObject","inLanguage":"fr-FR","@id":"https://www.pro4green.be/fr/event/14eme-edition-du-concours-du-meilleur-jeune-jardinier/#primaryimage","url":"https://www.pro4green.be/wp-content/uploads/2025/03/banner-1-concours-2025-300x297.avif","contentUrl":"https://www.pro4green.be/wp-content/uploads/2025/03/banner-1-concours-2025-300x297.avif"},{"@type":"BreadcrumbList","@id":"https://www.pro4green.be/fr/event/14eme-edition-du-concours-du-meilleur-jeune-jardinier/#breadcrumb","itemListElement":[{"@type":"ListItem","position":1,"name":"Home","item":"https://www.pro4green.be/fr/"},{"@type":"ListItem","position":2,"name":"Évènements","item":"https://www.pro4green.be/fr/events/"},{"@type":"ListItem","position":3,"name":"14ème édition du Concours du Meilleur Jeune Jardinier"}]},{"@type":"WebSite","@id":"https://www.pro4green.be/fr/#website","url":"https://www.pro4green.be/fr/","name":"Pro4Green","description":"Waar professionaliteit en kwaliteit elkaar vinden","publisher":{"@id":"https://www.pro4green.be/fr/#organization"},"potentialAction":[{"@type":"SearchAction","target":{"@type":"EntryPoint","urlTemplate":"https://www.pro4green.be/fr/?s={search_term_string}"},"query-input":{"@type":"PropertyValueSpecification","valueRequired":true,"valueName":"search_term_string"}}],"inLanguage":"fr-FR"},{"@type":"Organization","@id":"https://www.pro4green.be/fr/#organization","name":"Pro4Green","url":"https://www.pro4green.be/fr/","logo":{"@type":"ImageObject","inLanguage":"fr-FR","@id":"https://www.pro4green.be/fr/#/schema/logo/image/","url":"https://www.pro4green.be/wp-content/uploads/2024/07/PRO4GREEN-logo-pos.svg","contentUrl":"https://www.pro4green.be/wp-content/uploads/2024/07/PRO4GREEN-logo-pos.svg","width":500,"height":225,"caption":"Pro4Green"},"image":{"@id":"https://www.pro4green.be/fr/#/schema/logo/image/"}}]}</script>
<!-- / Yoast SEO plugin. -->

14ème édition du Concours du Meilleur Jeune Jardinier - Pro4Green

Le concours se déroulera les 10 et 11 avril et 17 équipes participeront à cette édition. La remise de prix aura lieu le 12 avril à 13h Journée professionnelle le&hellip;

Évènements
